{"id":89,"date":"2017-06-06T15:47:32","date_gmt":"2017-06-06T13:47:32","guid":{"rendered":"http:\/\/services.mairie-sotteville-les-rouen.fr\/?page_id=89"},"modified":"2021-03-22T08:37:56","modified_gmt":"2021-03-22T07:37:56","slug":"marches-publics","status":"publish","type":"page","link":"http:\/\/services.mairie-sotteville-les-rouen.fr\/?page_id=89","title":{"rendered":"March\u00e9s publics"},"content":{"rendered":"<p><iframe style=\"overflow: visible; width: 100%;\" src=\"https:\/\/www.marches-publics.info\/avis\/index.cfm?IDS=5403\" height=\"300\" frameborder=\"0\" marginwidth=\"0\" marginheight=\"0\" scrolling=\"auto\"><span data-mce-type=\"bookmark\" style=\"display: inline-block; width: 0px; overflow: hidden; line-height: 0;\" class=\"mce_SELRES_start\">\ufeff<\/span><\/iframe><\/p>\n<div class=\"usp-pro-display-posts\"><ul><div class=\"usp-pro-display-posts-wrap\"><li><a href=\"http:\/\/services.mairie-sotteville-les-rouen.fr\/?usp_post=consultation-n-2021-01-travaux-de-desamiantage-du-gymnase-ferdinand-buisson\" title=\"View full post\">Consultation n\u00b0 2021-01 Travaux de d\u00e9samiantage du gymnase Ferdinand Buisson<\/a><\/li><\/div><div class=\"usp-pro-display-posts-wrap\"><li><a href=\"http:\/\/services.mairie-sotteville-les-rouen.fr\/?usp_post=fourniture-de-denrees-alimentaires-pour-la-restauration-collective-de-la-ville-de-sotteville-les-rouen-30-lots\" title=\"View full post\">FOURNITURE DE DENREES ALIMENTAIRES POUR LA RESTAURATION COLLECTIVE DE LA VILLE DE SOTTEVILLE LES ROUEN &#8211; 30 LOTS<\/a><\/li><\/div><div class=\"usp-pro-display-posts-wrap\"><li><a href=\"http:\/\/services.mairie-sotteville-les-rouen.fr\/?usp_post=consultation-n-2020-13-maitrise-doeuvre-relative-a-la-rehabilitation-du-gymnase-ferdinand-buisson\" title=\"View full post\">Consultation n\u00b0 2020-13 Ma\u00eetrise d&rsquo;oeuvre relative \u00e0 la r\u00e9habilitation du gymnase Ferdinand Buisson<\/a><\/li><\/div><div class=\"usp-pro-display-posts-wrap\"><li><a href=\"http:\/\/services.mairie-sotteville-les-rouen.fr\/?usp_post=rectificatif-consultation-n-2020-09-travaux-renovation-energetique-kerville-lot-1-a-isolation-thermique-par-lexterieur\" title=\"View full post\">Rectificatif Consultation n\u00b0 2020-09 Travaux r\u00e9novation \u00e9nerg\u00e9tique Kerville &#8211; lot 1 A Isolation thermique par l&rsquo;ext\u00e9rieur<\/a><\/li><\/div><div class=\"usp-pro-display-posts-wrap\"><li><a href=\"http:\/\/services.mairie-sotteville-les-rouen.fr\/?usp_post=consultation-n-2020-09-travaux-renovation-energetique-kerville-lot-1-a-isolation-thermique-par-lexterieur\" title=\"View full post\">Consultation n\u00b0 2020-09 Travaux r\u00e9novation \u00e9nerg\u00e9tique Kerville &#8211; lot 1 A Isolation thermique par l&rsquo;ext\u00e9rieur<\/a><\/li><\/div><div class=\"usp-pro-display-posts-wrap\"><li><a href=\"http:\/\/services.mairie-sotteville-les-rouen.fr\/?usp_post=systemes-de-reprographie-et-impression\" title=\"View full post\">SYSTEMES DE REPROGRAPHIE ET IMPRESSION<\/a><\/li><\/div><div class=\"usp-pro-display-posts-wrap\"><li><a href=\"http:\/\/services.mairie-sotteville-les-rouen.fr\/?usp_post=consultation-n-2020-17-amenagement-paysager-gadeau-de-kerville-et-de-la-creche-les-oursons-malicieux\" title=\"View full post\">Consultation n\u00b0 2020-17 Am\u00e9nagement paysager Gadeau de Kerville et de la cr\u00e8che Les oursons malicieux<\/a><\/li><\/div><div class=\"usp-pro-display-posts-wrap\"><li><a href=\"http:\/\/services.mairie-sotteville-les-rouen.fr\/?usp_post=transport-de-personnes-en-autocars-pour-une-duree-maximale-dune-journee-lot-n2-transports-ponctuels-tous-publics-2\" title=\"View full post\">TRANSPORT DE PERSONNES EN AUTOCARS POUR UNE DUREE MAXIMALE DUNE JOURNEE &#8211; Lot n\u00b02 &#8211; Transports ponctuels tous publics<\/a><\/li><\/div><div class=\"usp-pro-display-posts-wrap\"><li><a href=\"http:\/\/services.mairie-sotteville-les-rouen.fr\/?usp_post=rectificatif-consultation-n-2020-10-services-dassurances-groupement-ville-et-ccas\" title=\"View full post\">Rectificatif consultation n\u00b0 2020-10 Services d\u2019assurances groupement Ville et CCAS<\/a><\/li><\/div><div class=\"usp-pro-display-posts-wrap\"><li><a href=\"http:\/\/services.mairie-sotteville-les-rouen.fr\/?usp_post=consultation-2020-11-fourniture-de-mets-gourmands-de-fin-dannee-en-direction-des-retraites-sottevillais\" title=\"View full post\">Consultation 2020-11 FOURNITURE DE METS GOURMANDS DE FIN D\u2019ANNEE EN DIRECTION DES RETRAITES SOTTEVILLAIS<\/a><\/li><\/div><\/ul><\/div>\n","protected":false},"excerpt":{"rendered":"<p>\ufeff<\/p>\n","protected":false},"author":1,"featured_media":0,"parent":0,"menu_order":0,"comment_status":"closed","ping_status":"closed","template":"","meta":[],"_links":{"self":[{"href":"http:\/\/services.mairie-sotteville-les-rouen.fr\/index.php?rest_route=\/wp\/v2\/pages\/89"}],"collection":[{"href":"http:\/\/services.mairie-sotteville-les-rouen.fr\/index.php?rest_route=\/wp\/v2\/pages"}],"about":[{"href":"http:\/\/services.mairie-sotteville-les-rouen.fr\/index.php?rest_route=\/wp\/v2\/types\/page"}],"author":[{"embeddable":true,"href":"http:\/\/services.mairie-sotteville-les-rouen.fr\/index.php?rest_route=\/wp\/v2\/users\/1"}],"replies":[{"embeddable":true,"href":"http:\/\/services.mairie-sotteville-les-rouen.fr\/index.php?rest_route=%2Fwp%2Fv2%2Fcomments&post=89"}],"version-history":[{"count":3,"href":"http:\/\/services.mairie-sotteville-les-rouen.fr\/index.php?rest_route=\/wp\/v2\/pages\/89\/revisions"}],"predecessor-version":[{"id":928,"href":"http:\/\/services.mairie-sotteville-les-rouen.fr\/index.php?rest_route=\/wp\/v2\/pages\/89\/revisions\/928"}],"wp:attachment":[{"href":"http:\/\/services.mairie-sotteville-les-rouen.fr\/index.php?rest_route=%2Fwp%2Fv2%2Fmedia&parent=89"}],"curies":[{"name":"wp","href":"https:\/\/api.w.org\/{rel}","templated":true}]}}